 7) + 4?
-5
What is the value of 1 + (-2 - (3 - 1 - 0))?
-3
Calculate (-3 + -3 - -8) + -2.
0
What is (-7 - (5 + -3)) + 6?
-3
Evaluate (-5 - -9) + -1 + 2.
5
What is -2 - (-2 + (8 - 8) - 10)?
10
What is the value of -5 - (-4 - -7 - 7)?
-1
Evaluate (2 - -11) + -28 + 7.
-8
Calculate (-1 - -8) + 2 + -1 + 2.
10
What is 1 + (4 - (2 + 6)) + -2?
-5
Evaluate 2 - (-4 + 14) - -5.
-3
What is the value of (0 - 0) + 163 + -165?
-2
(-11 - -14) + 2 + -1
4
Calculate (3 - 0) + -80 + 68.
-9
Calculate 6 - (8 + 0 + -3).
1
Calculate (0 - -12 - 4) + -4 + 0.
4
What is the value of 4 - (11 - (0 + 8))?
1
Evaluate -5 + 2 + 4 - -4.
5
Evaluate (-2 - -1) + -6 + 9 + -4.
-2
What is -1 + 1 + (6 - (1 - -1))?
4
Calculate (1 - 7) + 10 - 8.
-4
Evaluate 2 - ((4 - 11) + 6).
3
What is the value of -9 - (1 + -3) - (22 + -26)?
-3
What is the value of (-11 + 14 - 15) + 16?
4
What is the value of -2 + -2 - (-6 + 4)?
-2
4 - (15 + -5 + (3 - 7))
-2
What is 0 - (7 + 1 + -10)?
2
Evaluate (5 - 6) + -5 - (0 + -2).
-4
(1 - 0) + (-3 - -5)
3
What is the value of (-13 - -15) + (-1 - -3 - 7)?
-3
(-28 + 18 - -3) + 1 + 1
-5
What is the value of -15 + 8 + 3 + -1 - 1?
-6
What is the value of 5 - 1 - 1 - 8?
-5
Evaluate (7 - 2) + 10 + -13.
2
What is (7 - 16) + 1 + 0 + -1?
-9
What is the value of 2 + (0 - -6) - 11?
-3
What is the value of (1 - (0 - -2)) + -1 + -1?
-3
Evaluate -9 + 7 - (-2 + 3) - 0.
-3
What is the value of -1 - (-6 + 5 + 5 + 0)?
-5
Evaluate -3 + 0 - (-37 + 30).
4
-8 - (-9 - (-4 - -10))
7
-3 + -2 + (5 - 0)
0
2 - 0 - (16 + -11)
-3
Evaluate (1 - -2) + 2 + -6 + -2.
-3
4 + 2 + 34 + -39
1
0 + (5 - (2 + -2)) - 2
3
What is 14 - (28 + -17 + (2 - 6))?
7
Calculate -3 + (8 + -5 - (-4 - -8)).
-4
What is 0 + 1 - (11 - (-2 + 9))?
-3
What is -7 - (-11 + 12 - (-2 + 4))?
-6
What is the value of 3 - 0 - (3 - (3 + -2))?
1
What is (0 - -1) + 4 - (16 + -16)?
5
What is the value of 1 + 7 + (40 - 50)?
-2
What is the value of (-5 - -3 - -3) + -5 + 1?
-3
What is -4 + -5 + 6 + (2 - 5)?
-6
Evaluate -4 + 12 + 0 - (0 - -4).
4
What is the value of 10 + (6 - 13) - 4?
-1
Evaluate -1 - (-5 - (8 + -5 + -6)).
1
1 + (0 - -2) - (-22 - -22)
3
What is 3 + -3 + 3 - 6?
-3
Evaluate 5 + -12 - -4 - 0.
-3
What is 12 - (-7 + 9 + (-3 - -4))?
9
Evaluate -16 + 15 - (-1 - -8).
-8
Calculate -1 - -3 - (-2 - 1).
5
0 - (-10 - -20 - 4)
-6
What is -10 - -4 - (-4 + 2)?
-4
What is the value of (1 - 19) + (0 - -9)?
-9
Evaluate (7 - (-8 + 16 + -3)) + -2.
0
What is the value of (2 - (1 - 2 - -3)) + -4?
-4
Calculate -4 + 2 + -2 + 1 + 0.
-3
Calculate (1 + -3 - -2) + (-6 - -10).
4
Calculate -6 + 2 - (1 + -8).
3
What is -4 + (-5 - (5 + -11))?
-3
5 + 1 + 3 + -8
1
What is the value of -2 - ((2 - -2) + -11)?
5
Calculate 11 + -26 + 7 - -3.
-5
4 + (-10 - 10 - (-1 - 6))
-9
Calculate 6 + 15 + -7 - 7.
7
Calculate -6 + 23 + -12 + (-1 - 3).
1
What is the value of (1 - (1 - 8)) + -2?
6
Calculate -5 - (-8 + 9 + -9).
3
Calculate 1 + 1 - -3 - (-41 - -44).
2
What is (-3 + 2 - 5) + (0 - -2)?
-4
Evaluate (-24 - -20) + 5 + 0.
1
14 + -18 + 4 - (2 - 0)
-2
Calculate (8 - 10) + (0 - (1 + -1)).
-2
What is (-132 - -132) + 1 + 0 + 5?
6
Evaluate -3 + -6 + (-5 - -17).
3
Evaluate 0 - (1 + -1 - 4).
4
What is the value of -8 + 4 + (-1 - -11)?
6
Evaluate -1 + 2 + (0 - 0).
1
2 + -1 + -16 + 13
-2
-2 + (-4 - -3) + 8
5
16 + (-5 - 0) + -1
10
Calculate 3 - (-2 - -10 - 9).
4
What is the value of -1 - 0 - 1 - (-16 + 15)?
-1
What is 4 + (4 + -12 - -10)?
6
4 + 3 + 0 + -5
2
(-1 - -1) + (-3 - (-7 + 0))
4
What is the value of -3 + 0 - (10 + -8)?
-5
Calculate (8 - -1) + (-26 - (20 - 32)).
-5
What is the value of 6 + -4 - (3 + -9)?
8
-6 + (-1 - -4 - (1 - 0))
-4
4 - (-6 + 11 + -4)
3
What is (1 - 4) + (1 - -1)?
-1
What is the value of -9 + -2 + (0 - -3) - -3?
-5
What is -14 + 7 - (-8 - 1)?
2
What is the value of -7 - 0 - (-48 - -47)?
-6
What is -8 - -2 - ((-5 - 2) + -1)?
2
2 + (-4 - -6 - -2 - -1)
7
What is 3 - (15 - 9) - -2?
-1
Evaluate 5 + -11 + (3 + -3 - -4).
-2
Calculate 3 + -3 + 2 - (4 - -1).
-3
Calculate (-6 - (7 + -2)) + 4.
-7
What is 5 + -8 + (0 - -7)?
4
-40 - -41 - (0 + -10)
11
What is the value of 0 - 10 - (6 - (-12 + 19))?
-9
What is the value of (-6 - 1) + (14 - 3)?
4
What is 9 + (5 + -29 - -11)?
-4
Evaluate (1 - -5) + 0 + (0 - 3).
3
(10 - 7) + 0 + 1
4
Evaluate -7 + (1 - -4) + 4 - 6.
-4
Evaluate (-4 - (-12 + 2 - 1)) + -2.
5
Calculate 2 + -12 + 6 + 8.
4
Calculate 1 + 4 + 3 + -7.
1
Evaluate 0 + (1 - -3) + -5 + 0.
-1
What is 9 + (10 - (-7 - -23))?
3
-10 + (1 - -12) - 1
2
What is -1 + (1 - 6) - (-8 + 5)?
-3
Calculate -2 - (5 - 1 - 8).
2
What is 2 + (4 - (0 + 4 + 5))?
-3
What is 20 + (14 - 23) + -7?
4
15 - (21 + (-21 - -12))
3
(-2 - 0) + (14 - (23 - 14))
3
Calculate -4 + 5 + -7 + 0.
-6
0 + 1 + (16 - 18)
-1
(-1 - -3 - (-1 - -8)) + 1
-4
Calculate (-10 - -11 - 12) + 9.
-2
Evaluate -76 + 74 + 2 + 0.
0
(-2 - -1) + (3 - (6 - 1))
-3
What is the value of 4 + (-10 - 2 - (-12 + 7))?
-3
0 - (-6 - (-4 - -1))
3
What is the value of 3 - (1 + (1 - -2))?
-1
What is 0 + (-6 - -9 - -5)?
8
Calculate 0 + 0 - 0 - -5.
5
Calculate 3 + 3 - (-1 - -2).
5
(-9 - -9) + (-1 - -3)
2
What is (-14 + 22 - 2) + -12?
-6
Calculate 2 + -8 - ((8 - 14) + 4).
-4
Calculate -2 - (-5 + (-4 - -11)).
-4
What is the value of 12 + (-7 - -1) + -5?
1
Calculate 100 + -99 - (0 + -3).
4
Calculate 11 + -3 + (2 - 5).
5
Evaluate -7 + 6 + -4 + 2 + 1.
-2
What is 6 + (0 - -3) - (30 - 28)?
7
Evaluate (0 - -8) + 3 + -8.
3
Calculate (-5 + 2 - 2 - 0) + 1.
-4
What is the value of 7 - 2 - 5 - (-1 + 1)?
0
Calculate 1 + 0 - -1 - (-2 + 5).
-1
What is the value of 4 + -1 + 3 + -1 - -1?
6
Calculate -5 + -2 + (-9 - -14).
-2
Evaluate 0 + 2 - (4 + (0 - -3)).
-5
Calculate -7 - ((6 - 5) + -6).
-2
What is -62 - -61 - (0 + -12)?
11
1 + (4 - 7 - 5) + 3
-4
What is the value of 12 + (2 - 6) + (-1 - -1)?
8
5 - ((1 - 2) + 1)
5
Calculate (-1 - -2) + (-6 - (-10 + 6)).
-1
Calculate (4 - 9 - 2) + 15.
8
Calculate -9 + 9 + -2 + (-1 - -1).
-2
Evaluate -2 + (-4 + -1 - (-2 - 0)).
-5
Calculate -1 + 7 + 6 + -12.
0
What is the value of -1 + (-9 + 5 - (-2 + 0))?
-3
What is 3 + (0 - 1) - 5?
-3
Evaluate 113 + -98 - (8 + 1).
6
What is -1 + 2 + -1 + (-96 - -100)?
4
What is -3 + 5 + -12 + 4 + 3?
-3
Evaluate 2 + -8 + 1 + 4.
-1
What is -6 + (0 - -2) + (7 - 5)?
-2
What is the value of 2 + 2 - (4 - (-4 + 0))?
-4
What is the value of (1 - 6) + -1 - (2 + -6)?
-2
What is the value of (1 - -14) + (-38 - -34)?
11
Evaluate 0 + 0 - 0 - 5.
-5
Evaluate -10 - (11 + -10) - (-3 + -1).
-7
Calculate 2 - 4 - (4 + -8).
2
Evaluate -4 - ((-1 + 0 - 6) + -1).
4
(3 - 7) + 1 + -20 + 16
-7
What is the value of -1 + -1 + 6 + -2?
2
What is 0 + -2 + 2 + 1?
1
Calculate 140 + -138 - (0 - (0 + -1)).
1
Evaluate 7 + 1 + 0 + -6 + 1.
3
(-13 + 0 - 2) + 7
-8
Calculate 7 + (3 - ((6 - 10) + 9)).
5
Calculate 2 + ((5 - -1) + -3 - 1).
4
What is -4 + 2 - 0 - -4?
2
6 - 2 - (-2 + 1) - 2
3
What is 1 + (4 - 4) + 4?
5
Evaluate 9 - 5 - ((0 - 0) + 1).
3
Evaluate 10 + (7 - 4) + -7.
6
Evaluate -3 + 5 + (-2 - (0 - 0)).
0
(1 - 1) + 4 + -3 + -1
0
What is the value of -2 - (-4 - -3 - 6)?
5
Evaluate 9 + -7 - (-4 + 0) - -2.
8
What is -1 + -7 + 15 - 0 - -3?
10
Evaluate -1 - 6 - (-11 - -5).
-1
What is the value of -5 - (1 - (-8 - (4 - 9)))?
-9
-3 + 9 + -2 + -9
-5
What is -2 + 9 + -5 + -5 + 8?
5
What is the value of (3 + (1 - 4) - 2) + 2?
0
What is 0 + (5 - 0) + 0 + -10?
-5
1 + 1 - (-1 - -3)
0
What is (0 - (-7 + 6)) + -1 + 4?
4
Evaluate 7 + 2 - (-10 - -16).
3
What is (11 - 7) + 1 + 0?
5
2 - (0 + 11 + -6)
-3
Evaluate 2 - -2 - ((-1 - -5) + 0).
0
What is -5 - (7 + (1 - 8) + -1)?
-4
Calculate -3 + (-3 - (1 - -1)) + 3.
-5
1 - (3 - (-5 + 2 + 4))
-1
0 + -6 + 2 - (-1 + 2)
-5
-9 + (-10 - -10) - -14
5
(-11 - -11) + (-4 - 1)
-5
Calculate (2 - (5 + -2)) + -39 + 38.
-2
Calculate -1 + 1 + -14 + 17.
3
Evaluate -3 + (-5 + (-1 - -3) - -2).
-4
Calculate 7 - 2 - (31 - 28).
2
5 + 1 - (-16 - -14)
8
What is the value of 4 + (-1 - -4) - 2?
5
What is (-4 + 1 - -4) + -1 - -4?
4
What is the value of 2 + 5 + -5 + 0 + -1?
1
What is the value of 6 - (-6 + 5 - -2)?
5
0 - (3 - -1) - (-21 - -14)
3
3 + -7 + 10 + -5
1
Evaluate (-4 - -3) + (3 - -1) - 3.
0
What is the value of 2 - 5 - (-1 + -1)?
-1
What is the value of 18 + -18 - (1 + (4 - 2))?
-3
10 + (-9 - 10) - (-4 - -1)
-6
Evaluate -11 + 7 + 23 + -10.
9
What is -4 + 6 + 7 + -5?
4
What is the value of -5 + 15 - 1 - 4?
5
What is the v